{"id":535,"date":"2023-10-25T06:08:00","date_gmt":"2023-10-25T06:08:00","guid":{"rendered":"https:\/\/ekronconsulting.com\/?page_id=535"},"modified":"2023-10-25T06:28:21","modified_gmt":"2023-10-25T06:28:21","slug":"terms-of-use","status":"publish","type":"page","link":"https:\/\/ekronconsulting.com\/?page_id=535","title":{"rendered":"Terms of Use"},"content":{"rendered":"\t\t<div data-elementor-type=\"wp-page\" data-elementor-id=\"535\" class=\"elementor elementor-535\" data-elementor-post-type=\"page\">\n\t\t\t\t\t\t<section class=\"elementor-section elementor-top-section elementor-element elementor-element-5d9331b elementor-section-boxed elementor-section-height-default elementor-section-height-default\" data-id=\"5d9331b\" data-element_type=\"section\" data-settings=\"{&quot;jet_parallax_layout_list&quot;:[]}\">\n\t\t\t\t\t\t<div class=\"elementor-container elementor-column-gap-default\">\n\t\t\t\t\t<div class=\"elementor-column elementor-col-100 elementor-top-column elementor-element elementor-element-36c266a\" data-id=\"36c266a\" data-element_type=\"column\">\n\t\t\t<div class=\"elementor-widget-wrap elementor-element-populated\">\n\t\t\t\t\t\t<div class=\"elementor-element elementor-element-6293336 elementor-widget elementor-widget-spacer\" data-id=\"6293336\" data-element_type=\"widget\" data-widget_type=\"spacer.default\">\n\t\t\t\t<div class=\"elementor-widget-container\">\n\t\t\t\t\t\t\t<div class=\"elementor-spacer\">\n\t\t\t<div class=\"elementor-spacer-inner\"><\/div>\n\t\t<\/div>\n\t\t\t\t\t\t<\/div>\n\t\t\t\t<\/div>\n\t\t\t\t<div class=\"elementor-element elementor-element-76c8b58 elementor-widget elementor-widget-heading\" data-id=\"76c8b58\" data-element_type=\"widget\" data-widget_type=\"heading.default\">\n\t\t\t\t<div class=\"elementor-widget-container\">\n\t\t\t\t\t<h2 class=\"elementor-heading-title elementor-size-default\">Terms of Use<\/h2>\t\t\t\t<\/div>\n\t\t\t\t<\/div>\n\t\t\t\t<div class=\"elementor-element elementor-element-d3f69c6 elementor-widget elementor-widget-spacer\" data-id=\"d3f69c6\" data-element_type=\"widget\" data-widget_type=\"spacer.default\">\n\t\t\t\t<div class=\"elementor-widget-container\">\n\t\t\t\t\t\t\t<div class=\"elementor-spacer\">\n\t\t\t<div class=\"elementor-spacer-inner\"><\/div>\n\t\t<\/div>\n\t\t\t\t\t\t<\/div>\n\t\t\t\t<\/div>\n\t\t\t\t<div class=\"elementor-element elementor-element-f77ea0e elementor-widget elementor-widget-text-editor\" data-id=\"f77ea0e\" data-element_type=\"widget\" data-widget_type=\"text-editor.default\">\n\t\t\t\t<div class=\"elementor-widget-container\">\n\t\t\t\t\t\t\t\t\t<ol><li><p><b>Introduction <\/b><br \/>By accessing and using <a href=\"https:\/\/ekronconsulting.com\/\" target=\"_new\">https:\/\/ekronconsulting.com<\/a> (hereinafter referred to as the &#8220;Website&#8221;), you accept and agree to be bound by these Terms of Use. If you do not agree to these terms, please refrain from using this Website.<\/p><\/li><li><p><b>Purpose of the Website <\/b><br \/>The Website serves informational purposes only. We do not sell any products or services directly through this Website.<\/p><\/li><li><p><b>Personal Data<\/b> <br \/>The only personal data we might collect is the email address you provide should you wish to contact us. This data will be used exclusively for the purpose of responding to your inquiries.<\/p><\/li><li><p><b>Limitation of Liability<\/b> <br \/>Ekron Consulting Kft. and its affiliates will not be liable for any indirect, incidental, or consequential damages, or any loss of revenue or profits, resulting from your use of the Website or any linked sites.<\/p><\/li><li><p><b>Contact Information<\/b><br \/>For any questions or concerns related to these Terms of Use or the Website, please contact us at:<\/p><p>Ekron Consulting Kft.<br \/>9021 Gy\u0151r, \u00c1rp\u00e1d \u00fat 21. 4. em. 21. (Hungary, Europe)<br \/>E-mail: <a href=\"mailto:info@ekron.hu\" target=\"_new\">info@ekron.hu<\/a><br \/>Phone: +36 20 346 0742<\/p><\/li><li><p><b>Governing Law <\/b><br \/>These Terms of Use are governed by and construed in accordance with Hungarian law. Any disputes arising in connection with these Terms of Use shall be settled in Hungarian courts.<\/p><\/li><li><p><b>Changes to the Terms of Use <\/b><br \/>We reserve the right to modify these Terms of Use at any time. It is your responsibility to periodically review these terms to stay informed of updates. Your continued use of the Website after the posting of revised terms signifies your acceptance of the updated terms.<\/p><\/li><\/ol>\t\t\t\t\t\t\t\t<\/div>\n\t\t\t\t<\/div>\n\t\t\t\t<div class=\"elementor-element elementor-element-515be50 elementor-widget elementor-widget-spacer\" data-id=\"515be50\" data-element_type=\"widget\" data-widget_type=\"spacer.default\">\n\t\t\t\t<div class=\"elementor-widget-container\">\n\t\t\t\t\t\t\t<div class=\"elementor-spacer\">\n\t\t\t<div class=\"elementor-spacer-inner\"><\/div>\n\t\t<\/div>\n\t\t\t\t\t\t<\/div>\n\t\t\t\t<\/div>\n\t\t\t\t\t<\/div>\n\t\t<\/div>\n\t\t\t\t\t<\/div>\n\t\t<\/section>\n\t\t\t\t<\/div>\n\t\t","protected":false},"excerpt":{"rendered":"<p>Terms of Use Introduction By accessing and using https:\/\/ekronconsulting.com (hereinafter referred to as the &#8220;Website&#8221;), you accept and agree to be bound by these Terms of Use. If you do not agree to these terms, please refrain from using this Website. Purpose of the Website The Website serves informational purposes only. We do not sell [&hellip;]<\/p>\n","protected":false},"author":1,"featured_media":0,"parent":0,"menu_order":0,"comment_status":"closed","ping_status":"closed","template":"","meta":{"footnotes":""},"class_list":["post-535","page","type-page","status-publish","hentry"],"_links":{"self":[{"href":"https:\/\/ekronconsulting.com\/index.php?rest_route=\/wp\/v2\/pages\/535","targetHints":{"allow":["GET"]}}],"collection":[{"href":"https:\/\/ekronconsulting.com\/index.php?rest_route=\/wp\/v2\/pages"}],"about":[{"href":"https:\/\/ekronconsulting.com\/index.php?rest_route=\/wp\/v2\/types\/page"}],"author":[{"embeddable":true,"href":"https:\/\/ekronconsulting.com\/index.php?rest_route=\/wp\/v2\/users\/1"}],"replies":[{"embeddable":true,"href":"https:\/\/ekronconsulting.com\/index.php?rest_route=%2Fwp%2Fv2%2Fcomments&post=535"}],"version-history":[{"count":0,"href":"https:\/\/ekronconsulting.com\/index.php?rest_route=\/wp\/v2\/pages\/535\/revisions"}],"wp:attachment":[{"href":"https:\/\/ekronconsulting.com\/index.php?rest_route=%2Fwp%2Fv2%2Fmedia&parent=535"}],"curies":[{"name":"wp","href":"https:\/\/api.w.org\/{rel}","templated":true}]}}