{"id":576,"date":"2023-10-25T06:47:08","date_gmt":"2023-10-25T06:47:08","guid":{"rendered":"https:\/\/ekronconsulting.com\/?page_id=576"},"modified":"2023-10-25T06:56:26","modified_gmt":"2023-10-25T06:56:26","slug":"impressum","status":"publish","type":"page","link":"https:\/\/ekronconsulting.com\/?page_id=576","title":{"rendered":"Impressum"},"content":{"rendered":"\t\t<div data-elementor-type=\"wp-page\" data-elementor-id=\"576\" class=\"elementor elementor-576\" data-elementor-post-type=\"page\">\n\t\t\t\t\t\t<section class=\"elementor-section elementor-top-section elementor-element elementor-element-a47a79d elementor-section-boxed elementor-section-height-default elementor-section-height-default\" data-id=\"a47a79d\" data-element_type=\"section\" data-settings=\"{&quot;jet_parallax_layout_list&quot;:[]}\">\n\t\t\t\t\t\t<div class=\"elementor-container elementor-column-gap-default\">\n\t\t\t\t\t<div class=\"elementor-column elementor-col-100 elementor-top-column elementor-element elementor-element-930bffe\" data-id=\"930bffe\" data-element_type=\"column\">\n\t\t\t<div class=\"elementor-widget-wrap elementor-element-populated\">\n\t\t\t\t\t\t<div class=\"elementor-element elementor-element-dd08d44 elementor-widget elementor-widget-spacer\" data-id=\"dd08d44\" data-element_type=\"widget\" data-widget_type=\"spacer.default\">\n\t\t\t\t<div class=\"elementor-widget-container\">\n\t\t\t\t\t\t\t<div class=\"elementor-spacer\">\n\t\t\t<div class=\"elementor-spacer-inner\"><\/div>\n\t\t<\/div>\n\t\t\t\t\t\t<\/div>\n\t\t\t\t<\/div>\n\t\t\t\t<div class=\"elementor-element elementor-element-3a52125 elementor-widget elementor-widget-heading\" data-id=\"3a52125\" data-element_type=\"widget\" data-widget_type=\"heading.default\">\n\t\t\t\t<div class=\"elementor-widget-container\">\n\t\t\t\t\t<h2 class=\"elementor-heading-title elementor-size-default\">Impressum (Legal Notice)<\/h2>\t\t\t\t<\/div>\n\t\t\t\t<\/div>\n\t\t\t\t<div class=\"elementor-element elementor-element-eca57bf elementor-widget elementor-widget-spacer\" data-id=\"eca57bf\" data-element_type=\"widget\" data-widget_type=\"spacer.default\">\n\t\t\t\t<div class=\"elementor-widget-container\">\n\t\t\t\t\t\t\t<div class=\"elementor-spacer\">\n\t\t\t<div class=\"elementor-spacer-inner\"><\/div>\n\t\t<\/div>\n\t\t\t\t\t\t<\/div>\n\t\t\t\t<\/div>\n\t\t\t\t<div class=\"elementor-element elementor-element-342c3d5 elementor-widget elementor-widget-text-editor\" data-id=\"342c3d5\" data-element_type=\"widget\" data-widget_type=\"text-editor.default\">\n\t\t\t\t<div class=\"elementor-widget-container\">\n\t\t\t\t\t\t\t\t\t<p><strong>Company Details:<\/strong><\/p><ul><li><strong>Name:<\/strong> Ekron Consulting \u00dczleti \u00e9s Technol\u00f3giai Fejleszt\u0151 Korl\u00e1tolt Felel\u0151ss\u00e9g\u0171 T\u00e1rsas\u00e1g<\/li><li><strong>Registered Address:<\/strong> 9021 Gy\u0151r, \u00c1rp\u00e1d \u00fat 21. 4. em. 22. (Hungary, Europe)<\/li><li><strong>Branch Office 1:<\/strong> 1067 Budapest, Podmaniczky utca 33. 1. em. 10. (Hungary, Europe)<\/li><li><strong>Branch Office 2:<\/strong> 1062 Budapest, Bajza utca 68. 2. em. 1. (Hungary, Europe) (Note: No administration or work is conducted at this branch.)<\/li><li><strong>Email:<\/strong> <a href=\"mailto:info@ekron.hu\" target=\"_new\">info@ekron.hu<\/a><\/li><li><strong>Phone:<\/strong> +36 20 346 0742<\/li><li><strong>Registering Authority:<\/strong>\u00a0Gy\u0151ri T\u00f6rv\u00e9nysz\u00e9k C\u00e9gb\u00edr\u00f3s\u00e1ga (Gy\u0151r Court of Registration)<\/li><li><strong>Company Registration Number:<\/strong> 08-09-014647<\/li><li><strong>Tax Number:<\/strong> 13879077-2-08<\/li><li><strong>EU VAT Number:<\/strong> HU13879077<\/li><li><strong>European Unique Identifier:<\/strong> HUOCCSZ.08-09-014647<\/li><li><strong>Competent Chamber:<\/strong> Gy\u0151r-Moson-Sopron V\u00e1rmegyei Kereskedelmi \u00e9s Iparkamara<br \/><br \/><\/li><\/ul><p><strong>Website Hosting Provider Details:<\/strong><\/p><ul><li><strong>Name:<\/strong> MikroVPS Informatikai \u00e9s Szolg\u00e1ltat\u00f3 Korl\u00e1tolt Felel\u0151ss\u00e9g\u0171 T\u00e1rsas\u00e1g<\/li><li><strong>Registered Address:<\/strong> 7150 Bonyh\u00e1d, J\u00f3kai M\u00f3r utca 3. (Hungary, Europe)<\/li><li><strong>Email:<\/strong> <a href=\"mailto:support@mikrovps.hu\" target=\"_new\">support@mikrovps.hu<\/a><\/li><li><strong>Phone:<\/strong> +36 30 756 4514<\/li><li><strong>Registering Authority:<\/strong> Szeksz\u00e1rdi T\u00f6rv\u00e9nysz\u00e9k C\u00e9gb\u00edr\u00f3s\u00e1ga (Szeksz\u00e1rd Court of Registration)<\/li><li><strong>Company Registration Number:<\/strong> 17-09-013204<\/li><li><strong>Tax Number:<\/strong> 25189861-2-17<\/li><li><strong>EU VAT Number:<\/strong> HU25189861<\/li><li><strong>European Unique Identifier:<\/strong> HUOCCSZ.17-09-013204<\/li><li><strong>Competent Chamber:\u00a0<\/strong>Tolna V\u00e1rmegye Kereskedelmi \u00e9s Iparkamara<\/li><\/ul>\t\t\t\t\t\t\t\t<\/div>\n\t\t\t\t<\/div>\n\t\t\t\t\t<\/div>\n\t\t<\/div>\n\t\t\t\t\t<\/div>\n\t\t<\/section>\n\t\t\t\t<\/div>\n\t\t","protected":false},"excerpt":{"rendered":"<p>Impressum (Legal Notice) Company Details: Name: Ekron Consulting \u00dczleti \u00e9s Technol\u00f3giai Fejleszt\u0151 Korl\u00e1tolt Felel\u0151ss\u00e9g\u0171 T\u00e1rsas\u00e1g Registered Address: 9021 Gy\u0151r, \u00c1rp\u00e1d \u00fat 21. 4. em. 22. (Hungary, Europe) Branch Office 1: 1067 Budapest, Podmaniczky utca 33. 1. em. 10. (Hungary, Europe) Branch Office 2: 1062 Budapest, Bajza utca 68. 2. em. 1. (Hungary, Europe) (Note: No [&hellip;]<\/p>\n","protected":false},"author":1,"featured_media":0,"parent":0,"menu_order":0,"comment_status":"closed","ping_status":"closed","template":"","meta":{"footnotes":""},"class_list":["post-576","page","type-page","status-publish","hentry"],"_links":{"self":[{"href":"https:\/\/ekronconsulting.com\/index.php?rest_route=\/wp\/v2\/pages\/576","targetHints":{"allow":["GET"]}}],"collection":[{"href":"https:\/\/ekronconsulting.com\/index.php?rest_route=\/wp\/v2\/pages"}],"about":[{"href":"https:\/\/ekronconsulting.com\/index.php?rest_route=\/wp\/v2\/types\/page"}],"author":[{"embeddable":true,"href":"https:\/\/ekronconsulting.com\/index.php?rest_route=\/wp\/v2\/users\/1"}],"replies":[{"embeddable":true,"href":"https:\/\/ekronconsulting.com\/index.php?rest_route=%2Fwp%2Fv2%2Fcomments&post=576"}],"version-history":[{"count":0,"href":"https:\/\/ekronconsulting.com\/index.php?rest_route=\/wp\/v2\/pages\/576\/revisions"}],"wp:attachment":[{"href":"https:\/\/ekronconsulting.com\/index.php?rest_route=%2Fwp%2Fv2%2Fmedia&parent=576"}],"curies":[{"name":"wp","href":"https:\/\/api.w.org\/{rel}","templated":true}]}}